{"id":236,"date":"2025-10-07T12:50:34","date_gmt":"2025-10-07T12:50:34","guid":{"rendered":"https:\/\/cayxanhhoaan.com\/?page_id=236"},"modified":"2025-10-07T12:50:34","modified_gmt":"2025-10-07T12:50:34","slug":"du-an","status":"publish","type":"page","link":"https:\/\/cayxanhhoaan.com\/index.php\/du-an\/","title":{"rendered":"D\u1ef1 \u00e1n"},"content":{"rendered":"\n<h2 class=\"wp-block-heading\">Gieo tr\u1ed3ng c\u00e2y con tr\u00ean \u0111\u1ea5t ng\u1eadp m\u1eb7n<\/h2>\n\n\n<div class=\"wp-block-image is-style-default\">\n<figure class=\"aligncenter size-large\"><img loading=\"lazy\" decoding=\"async\" width=\"1024\" height=\"473\" src=\"https:\/\/cayxanhhoaan.com\/wp-content\/uploads\/2025\/10\/gen-n-z7091288857258_519d2189a61a669562cc8ec6f7c5b0b7-1024x473.jpg\" alt=\"\" class=\"wp-image-237\" srcset=\"https:\/\/cayxanhhoaan.com\/wp-content\/uploads\/2025\/10\/gen-n-z7091288857258_519d2189a61a669562cc8ec6f7c5b0b7-1024x473.jpg 1024w, https:\/\/cayxanhhoaan.com\/wp-content\/uploads\/2025\/10\/gen-n-z7091288857258_519d2189a61a669562cc8ec6f7c5b0b7-300x139.jpg 300w, https:\/\/cayxanhhoaan.com\/wp-content\/uploads\/2025\/10\/gen-n-z7091288857258_519d2189a61a669562cc8ec6f7c5b0b7-768x355.jpg 768w, https:\/\/cayxanhhoaan.com\/wp-content\/uploads\/2025\/10\/gen-n-z7091288857258_519d2189a61a669562cc8ec6f7c5b0b7.jpg 1280w\" sizes=\"auto, (max-width: 1024px) 100vw, 1024px\" \/><figcaption class=\"wp-element-caption\">Khu gieo tr\u1ed3ng c\u00e2y d\u1eeba n\u01b0\u1edbc.<\/figcaption><\/figure>\n<\/div>\n\n<div class=\"wp-block-image\">\n<figure class=\"aligncenter size-large\"><img loading=\"lazy\" decoding=\"async\" width=\"1024\" height=\"473\" src=\"https:\/\/cayxanhhoaan.com\/wp-content\/uploads\/2025\/10\/gen-n-z7091288900417_32e5e5df82f311891eed5ba99af3f5c3-1024x473.jpg\" alt=\"\" class=\"wp-image-238\" srcset=\"https:\/\/cayxanhhoaan.com\/wp-content\/uploads\/2025\/10\/gen-n-z7091288900417_32e5e5df82f311891eed5ba99af3f5c3-1024x473.jpg 1024w, https:\/\/cayxanhhoaan.com\/wp-content\/uploads\/2025\/10\/gen-n-z7091288900417_32e5e5df82f311891eed5ba99af3f5c3-300x139.jpg 300w, https:\/\/cayxanhhoaan.com\/wp-content\/uploads\/2025\/10\/gen-n-z7091288900417_32e5e5df82f311891eed5ba99af3f5c3-768x355.jpg 768w, https:\/\/cayxanhhoaan.com\/wp-content\/uploads\/2025\/10\/gen-n-z7091288900417_32e5e5df82f311891eed5ba99af3f5c3.jpg 1280w\" sizes=\"auto, (max-width: 1024px) 100vw, 1024px\" \/><figcaption class=\"wp-element-caption\">C\u00f4ng nh\u00e2n \u0111ang c\u1ea5y c\u00e2y con.<\/figcaption><\/figure>\n<\/div>\n\n<div class=\"wp-block-image\">\n<figure class=\"aligncenter size-large\"><img loading=\"lazy\" decoding=\"async\" width=\"1024\" height=\"473\" src=\"https:\/\/cayxanhhoaan.com\/wp-content\/uploads\/2025\/10\/gen-n-z7091288904896_a2891f32e62510b4996b9cfe4b489333-1024x473.jpg\" alt=\"\" class=\"wp-image-239\" srcset=\"https:\/\/cayxanhhoaan.com\/wp-content\/uploads\/2025\/10\/gen-n-z7091288904896_a2891f32e62510b4996b9cfe4b489333-1024x473.jpg 1024w, https:\/\/cayxanhhoaan.com\/wp-content\/uploads\/2025\/10\/gen-n-z7091288904896_a2891f32e62510b4996b9cfe4b489333-300x139.jpg 300w, https:\/\/cayxanhhoaan.com\/wp-content\/uploads\/2025\/10\/gen-n-z7091288904896_a2891f32e62510b4996b9cfe4b489333-768x355.jpg 768w, https:\/\/cayxanhhoaan.com\/wp-content\/uploads\/2025\/10\/gen-n-z7091288904896_a2891f32e62510b4996b9cfe4b489333.jpg 1280w\" sizes=\"auto, (max-width: 1024px) 100vw, 1024px\" \/><figcaption class=\"wp-element-caption\">Khu gieo tr\u1ed3ng c\u00e2y b\u1ea7n tr\u1eafng.<\/figcaption><\/figure>\n<\/div>\n\n<div class=\"wp-block-image\">\n<figure class=\"aligncenter size-large\"><img loading=\"lazy\" decoding=\"async\" width=\"1024\" height=\"473\" src=\"https:\/\/cayxanhhoaan.com\/wp-content\/uploads\/2025\/10\/gen-n-z7091288989271_a2a2704fc2de3f344d8cc458c5a9d67c-1-1024x473.jpg\" alt=\"\" class=\"wp-image-240\" srcset=\"https:\/\/cayxanhhoaan.com\/wp-content\/uploads\/2025\/10\/gen-n-z7091288989271_a2a2704fc2de3f344d8cc458c5a9d67c-1-1024x473.jpg 1024w, https:\/\/cayxanhhoaan.com\/wp-content\/uploads\/2025\/10\/gen-n-z7091288989271_a2a2704fc2de3f344d8cc458c5a9d67c-1-300x139.jpg 300w, https:\/\/cayxanhhoaan.com\/wp-content\/uploads\/2025\/10\/gen-n-z7091288989271_a2a2704fc2de3f344d8cc458c5a9d67c-1-768x355.jpg 768w, https:\/\/cayxanhhoaan.com\/wp-content\/uploads\/2025\/10\/gen-n-z7091288989271_a2a2704fc2de3f344d8cc458c5a9d67c-1.jpg 1280w\" sizes=\"auto, (max-width: 1024px) 100vw, 1024px\" \/><figcaption class=\"wp-element-caption\">Khu gieo tr\u1ed3ng c\u00e2y \u0111\u01b0\u1edbc<\/figcaption><\/figure>\n<\/div>","protected":false},"excerpt":{"rendered":"<p>Gieo tr\u1ed3ng c\u00e2y con tr\u00ean \u0111\u1ea5t ng\u1eadp m\u1eb7n<\/p>\n","protected":false},"author":1,"featured_media":0,"parent":0,"menu_order":0,"comment_status":"closed","ping_status":"closed","template":"","meta":{"footnotes":""},"class_list":["post-236","page","type-page","status-publish","hentry"],"_links":{"self":[{"href":"https:\/\/cayxanhhoaan.com\/index.php\/wp-json\/wp\/v2\/pages\/236","targetHints":{"allow":["GET"]}}],"collection":[{"href":"https:\/\/cayxanhhoaan.com\/index.php\/wp-json\/wp\/v2\/pages"}],"about":[{"href":"https:\/\/cayxanhhoaan.com\/index.php\/wp-json\/wp\/v2\/types\/page"}],"author":[{"embeddable":true,"href":"https:\/\/cayxanhhoaan.com\/index.php\/wp-json\/wp\/v2\/users\/1"}],"replies":[{"embeddable":true,"href":"https:\/\/cayxanhhoaan.com\/index.php\/wp-json\/wp\/v2\/comments?post=236"}],"version-history":[{"count":1,"href":"https:\/\/cayxanhhoaan.com\/index.php\/wp-json\/wp\/v2\/pages\/236\/revisions"}],"predecessor-version":[{"id":242,"href":"https:\/\/cayxanhhoaan.com\/index.php\/wp-json\/wp\/v2\/pages\/236\/revisions\/242"}],"wp:attachment":[{"href":"https:\/\/cayxanhhoaan.com\/index.php\/wp-json\/wp\/v2\/media?parent=236"}],"curies":[{"name":"wp","href":"https:\/\/api.w.org\/{rel}","templated":true}]}}